6 (base 13) to base 4.
12
What is -52 (base 16) in base 5?
-312
30 (base 4) to base 13
c
Convert -310 (base 4) to base 5.
-202
What is 25 (base 6) in base 15?
12
-1 (base 12) to base 9
-1
-6 (base 13) to base 11
-6
What is -2 (base 6) in base 13?
-2
Convert 80 (base 9) to base 11.
66
-11 (base 11) to base 4
-30
-44 (base 14) to base 13
-48
12 (base 10) to base 3
110
2212 (base 3) to base 10
77
What is 8a (base 15) in base 2?
10000010
Convert -3 (base 14) to base 15.
-3
151 (base 9) to base 13
9a
What is 5 (base 15) in base 6?
5
4 (base 9) to base 10
4
-1 (base 8) to base 12
-1
Convert 7 (base 10) to base 6.
11
Convert -13 (base 10) to base 7.
-16
-28 (base 11) to base 13
-24
Convert -7 (base 12) to base 10.
-7
Convert -501 (base 6) to base 13.
-10c
-4 (base 14) to base 6
-4
What is -8 (base 13) in base 4?
-20
What is 112 (base 5) in base 14?
24
What is 14 (base 6) in base 8?
12
-57 (base 8) to base 10
-47
20 (base 13) to base 6
42
Convert -1 (base 4) to base 7.
-1
Convert 13 (base 4) to base 13.
7
What is 0 (base 10) in base 6?
0
What is -154 (base 11) in base 7?
-345
Convert -120 (base 3) to base 4.
-33
What is 1 (base 5) in base 2?
1
5 (base 8) to base 3
12
Convert a (base 12) to base 16.
a
What is 4b (base 15) in base 13?
56
-3 (base 14) to base 6
-3
What is 1a (base 12) in base 7?
31
-61 (base 9) to base 11
-50
1 (base 10) to base 16
1
What is -1 (base 11) in base 16?
-1
1 (base 8) to base 9
1
What is -242 (base 6) in base 7?
-200
What is -16 (base 7) in base 5?
-23
Convert 51 (base 12) to base 7.
115
What is -181 (base 9) in base 11?
-130
What is -10101111 (base 2) in base 7?
-340
What is -12 (base 5) in base 16?
-7
350 (base 7) to base 12
132
1 (base 2) to base 3
1
Convert 5 (base 7) to base 2.
101
-50 (base 11) to base 16
-37
What is 8 (base 10) in base 11?
8
What is -211 (base 3) in base 9?
-24
-71 (base 9) to base 12
-54
Convert -22 (base 7) to base 12.
-14
Convert 2 (base 10) to base 4.
2
Convert 8c (base 15) to base 14.
96
What is -101 (base 8) in base 9?
-72
What is -29 (base 11) in base 14?
-23
What is 240 (base 5) in base 3?
2121
What is -3 (base 12) in base 13?
-3
Convert -101 (base 5) to base 14.
-1c
What is -1 (base 16) in base 14?
-1
What is -4 (base 16) in base 2?
-100
Convert 37 (base 8) to base 4.
133
-29 (base 10) to base 8
-35
Convert 1 (base 11) to base 2.
1
1000 (base 2) to base 9
8
Convert -16 (base 13) to base 4.
-103
What is -28 (base 16) in base 10?
-40
2 (base 7) to base 6
2
-1 (base 13) to base 8
-1
What is 1 (base 12) in base 8?
1
Convert -6 (base 16) to base 8.
-6
Convert 13 (base 7) to base 16.
a
What is -5 (base 11) in base 8?
-5
What is -2 (base 12) in base 4?
-2
Convert 17 (base 11) to base 12.
16
What is 3 (base 6) in base 12?
3
4 (base 7) to base 6
4
Convert -26 (base 9) to base 12.
-20
Convert c (base 15) to base 11.
11
What is 9 (base 12) in base 5?
14
Convert -110 (base 3) to base 8.
-14
What is 12 (base 10) in base 15?
c
-2 (base 5) to base 9
-2
Convert 100 (base 8) to base 9.
71
-52 (base 15) to base 8
-115
What is -56 (base 12) in base 15?
-46
-1 (base 5) to base 10
-1
Convert 1 (base 4) to base 16.
1
What is 36 (base 11) in base 16?
27
What is -123 (base 8) in base 15?
-58
-1 (base 8) to base 12
-1
-1 (base 8) to base 7
-1
Convert -b (base 16) to base 4.
-23
Convert -1 (base 6) to base 5.
-1
What is 2 (base 16) in base 10?
2
What is bb (base 13) in base 14?
b0
What is 100 (base 2) in base 4?
10
What is 15 (base 8) in base 15?
d
10 (base 11) to base 10
11
What is -49 (base 13) in base 8?
-75
-2 (base 5) to base 12
-2
Convert 1 (base 8) to base 9.
1
What is -211 (base 4) in base 12?
-31
What is 232 (base 6) in base 7?
161
Convert 1 (base 9) to base 10.
1
Convert -23 (base 12) to base 14.
-1d
What is -41 (base 5) in base 11?
-1a
8 (base 14) to base 2
1000
What is -2b (base 13) in base 16?
-25
Convert 122 (base 3) to base 4.
101
Convert 5 (base 14) to base 16.
5
What is -131 (base 4) in base 10?
-29
Convert a (base 12) to base 14.
a
Convert 35 (base 14) to base 6.
115
Convert 14 (base 5) to base 11.
9
Convert 40 (base 7) to base 8.
34
Convert -7 (base 14) to base 2.
-111
What is 3 (base 12) in base 13?
3
What is -221 (base 3) in base 7?
-34
-19 (base 11) to base 13
-17
What is 102 (base 9) in base 6?
215
What is -1 (base 14) in base 6?
-1
-d4 (base 16) to base 13
-134
Convert 22 (base 12) to base 14.
1c
Convert 1 (base 8) to base 12.
1
What is 62 (base 16) in base 7?
200
Convert -5 (base 10) to base 3.
-12
Convert -423 (base 5) to base 6.
-305
-30 (base 7) to base 14
-17
Convert 20 (base 3) to base 13.
6
What is 1 (base 10) in base 4?
1
What is 4 (base 7) in base 8?
4
-222 (base 6) to base 14
-62
-58 (base 15) to base 14
-5d
What is 21 (base 14) in base 2?
11101
What is -3b (base 15) in base 5?
-211
-10000001 (base 2) to base 16
-81
Convert b (base 16) to base 2.
1011
What is -121 (base 3) in base 9?
-17
What is -2 (base 8) in base 14?
-2
Convert 33 (base 5) to base 2.
10010
What is 25 (base 12) in base 11?
27
-132 (base 8) to base 12
-76
6d (base 15) to base 7
205
-3 (base 7) to base 10
-3
What is -8 (base 11) in base 13?
-8
What is -7 (base 15) in base 16?
-7
-1 (base 10) to base 11
-1
What is -4 (base 5) in base 3?
-11
Convert 51 (base 14) to base 8.
107
Convert -102 (base 3) to base 7.
-14
Convert -100100000 (base 2) to base 4.
-10200
-143 (base 9) to base 2
-1111000
What is -10 (base 11) in base 10?
-11
-1031 (base 4) to base 13
-5c
What is -15 (base 13) in base 14?
-14
Convert -1 (base 5) to base 13.
-1
Convert 106 (base 8) to base 4.
1012
-18b (base 16) to base 14
-203
What is -59 (base 13) in base 10?
-74
9 (base 10) to base 12
9
Convert -2 (base 4) to base 5.
-2
Convert -6 (base 14) to base 16.
-6
Convert -89 (base 11) to base 8.
-141
Convert 3 (base 16) to base 15.
3
What is 76 (base 9) in base 7?
126
Convert 100 (base 3) to base 15.
9
What is 0 (base 6) in base 13?
0
1 (base 8) to base 7
1
Convert 9 (base 13) to base 15.
9
What is -1 (base 15) in base 3?
-1
-1111 (base 2) to base 15
-10
-605 (base 7) to base 5
-2144
What is 0 (base 12) in base 8?
0
What is 13 (base 4) in base 7?
10
What is -10032 (base 4) in base 15?
-130
What is -36 (base 14) in base 6?
-120
-7 (base 8) to base 15
-7
Convert 83 (base 14) to base 5.
430
Convert -103 (base 5) to base 11.
-26
-2 (base 5) to base 3
-2
-1010111 (base 2) to base 16
-57
Convert 1 (base 5) to base 16.
1
Convert -20222 (base 3) to base 11.
-161
-302 (base 4) to base 7
-101
-63 (base 10) to base 16
-3f
Convert -113 (base 6) to base 5.
-140
What is 3 (base 11) in base 4?
3
-154 (base 7) to base 6
-224
Convert 3a (base 12) to base 2.
101110
-7 (base 8) to base 10
-7
What is 1 (base 15) in base 5?
1
-4 (base 7) to base 16
-4
21 (base 11) to base 8
27
Convert -12 (base 7) to base 3.
-100
Convert 1 (base 15) to base 8.
1
Convert -105 (base 12) to base 7.
-302
-1220 (base 3) to base 5
-201
Convert 0 (base 8) to base 7.
0
130 (base 7) to base 13
55
-28 (base 11) to base 7
-42
What is 1011 (base 3) in base 13?
25
22 (base 15) to base 2
100000
Convert e (base 15) to base 3.
112
0 (base 4) to base 6
0
Convert 402 (base 5) to base 13.
7b
Convert 5b (base 14) to base 16.
51
-11 (base 4) to base 5
-10
-c (base 13) to base 10
-12
10 (base 3) to base 11
3
What is -13 (base 7) in base 12?
-a
Convert 33 (base 9) to base 11.
28
1d (base 14) to base 7
36
What is -2 (base 6) in base 4?
-2
Convert 5 (base 15) to base 3.
12
-24 (base 7) to base 14
-14
What is 120 (base 3) in base 2?
1111
Convert 2033 (base 4) to base 11.
120
11 (base 6) to base 5
12
4 (base 8) to base 14
4
Convert 3 (base 9) to base 8.
3
What is 62 (base 8) in base 4?
302
What is b (base 14) in base 5?
21
20 (base 4) to base 6
12
Convert 29 (base 16) to base 12.
35
-11 (base 6) to base 2
-111
Convert b (base 14) to base 13.
b
What is -2 (base 3) in base 13?
-2
Convert -12 (base 5) to base 7.
-10
-54 (base 13) to base 11
-63
What is -5 (base 8) in base 10?
-5
-a (base 16) to base 3
-101
Convert -121 (base 15) to base 9.
-314
What is -37 (base 13) in base 15?
-31
-1 (base 7) to base 6
-1
What is 1010 (base 2) in base 12?
a
Convert -f (base 16) to base 13.
-12
What is -b (base 15) in base 9?
-12
Convert 24 (base 15) to base 14.
26
Convert -1 (base 2) to base 14.
-1
What is 8 (base 10) in base 16?
8
What